r when 25366 is divided by 8312.
430
Calculate the remainder when 103459 is divided by 100.
59
What is the remainder when 81025 is divided by 811?
736
Calculate the remainder when 73099 is divided by 9112.
203
Calculate the remainder when 496236 is divided by 165200.
636
Calculate the remainder when 138924951 is divided by 2664.
15
What is the remainder when 153429 is divided by 267?
171
What is the remainder when 162809 is divided by 23011?
1732
Calculate the remainder when 85842677 is divided by 1540.
1537
What is the remainder when 3214907 is divided by 1503?
1493
What is the remainder when 500458 is divided by 1555?
1303
Calculate the remainder when 4472192 is divided by 9221.
7
What is the remainder when 301664 is divided by 2690?
384
Calculate the remainder when 616665 is divided by 572.
49
What is the remainder when 495594 is divided by 1905?
294
Calculate the remainder when 1971529 is divided by 657160.
49
Calculate the remainder when 12137859 is divided by 45.
9
What is the remainder when 2197017 is divided by 124?
109
What is the remainder when 36598280 is divided by 870?
860
Calculate the remainder when 488413074 is divided by 36.
30
Calculate the remainder when 332843 is divided by 332773.
70
What is the remainder when 105737823 is divided by 16?
15
Calculate the remainder when 52280262 is divided by 308.
34
Calculate the remainder when 83888650 is divided by 831.
31
Calculate the remainder when 46702455 is divided by 162.
123
What is the remainder when 2426088 is divided by 1212883?
322
Calculate the remainder when 1780694 is divided by 1985.
149
Calculate the remainder when 133929 is divided by 44357.
858
Calculate the remainder when 16145894 is divided by 2120.
2094
Calculate the remainder when 165661 is divided by 81018.
3625
Calculate the remainder when 92949 is divided by 2032.
1509
Calculate the remainder when 8173469 is divided by 4086734.
1
What is the remainder when 464866019 is divided by 54?
53
Calculate the remainder when 21490624 is divided by 1531.
1508
Calculate the remainder when 435789 is divided by 435207.
582
Calculate the remainder when 2787043 is divided by 88.
83
Calculate the remainder when 468553 is divided by 468532.
21
Calculate the remainder when 7672423 is divided by 2248.
2247
Calculate the remainder when 171542013 is divided by 154.
27
Calculate the remainder when 4601493 is divided by 47932.
21
Calculate the remainder when 975571 is divided by 15243.
19
What is the remainder when 208122 is divided by 746?
734
Calculate the remainder when 290641 is divided by 518.
43
Calculate the remainder when 23904958 is divided by 31.
21
What is the remainder when 3073111 is divided by 78?
67
What is the remainder when 316845 is divided by 26315?
1065
Calculate the remainder when 13287603 is divided by 11.
10
Calculate the remainder when 112093301 is divided by 1333.
1331
What is the remainder when 227889 is divided by 28289?
1577
Calculate the remainder when 3098405 is divided by 140836.
13
Calculate the remainder when 33280786 is divided by 723495.
16
Calculate the remainder when 1655642 is divided by 1655642.
0
What is the remainder when 708759 is divided by 1579?
1367
Calculate the remainder when 1410512 is divided by 6500.
12
What is the remainder when 7734163 is divided by 422?
169
What is the remainder when 28110566 is divided by 7151?
7136
What is the remainder when 12637200 is divided by 24?
0
Calculate the remainder when 20633 is divided by 6849.
86
Calculate the remainder when 1307712 is divided by 119.
21
What is the remainder when 28358 is divided by 23?
22
Calculate the remainder when 18947 is divided by 67.
53
Calculate the remainder when 1066055 is divided by 76143.
53
What is the remainder when 27543 is divided by 423?
48
What is the remainder when 7687 is divided by 854?
1
What is the remainder when 10790675 is divided by 1702?
1697
Calculate the remainder when 99585 is divided by 465.
75
Calculate the remainder when 12065120 is divided by 514.
512
Calculate the remainder when 525258 is divided by 397.
27
What is the remainder when 307281 is divided by 61354?
511
What is the remainder when 272051 is divided by 262?
95
What is the remainder when 25458036 is divided by 12729005?
26
Calculate the remainder when 123662 is divided by 3793.
2286
Calculate the remainder when 43194859 is divided by 359.
338
What is the remainder when 2298258 is divided by 2298253?
5
What is the remainder when 357500 is divided by 715?
0
What is the remainder when 2917898 is divided by 909?
8
Calculate the remainder when 319315 is divided by 3332.
2775
Calculate the remainder when 3573465 is divided by 155362.
139
Calculate the remainder when 23257 is divided by 7350.
1207
Calculate the remainder when 399275 is divided by 4337.
271
What is the remainder when 5351813 is divided by 1086?
5
Calculate the remainder when 1407602 is divided by 2192.
338
Calculate the remainder when 520297 is divided by 4861.
170
What is the remainder when 6885317 is divided by 22?
21
Calculate the remainder when 1361886 is divided by 259.
64
Calculate the remainder when 2501673 is divided by 834.
507
Calculate the remainder when 637000 is divided by 3908.
3904
What is the remainder when 13426989 is divided by 54141?
21
What is the remainder when 15621134 is divided by 743858?
116
What is the remainder when 70194 is divided by 35?
19
What is the remainder when 230688 is divided by 22990?
788
Calculate the remainder when 845366 is divided by 845363.
3
What is the remainder when 4232520 is divided by 1410811?
87
Calculate the remainder when 182710712 is divided by 867.
866
Calculate the remainder when 1533402 is divided by 114.
102
Calculate the remainder when 555014 is divided by 1794.
668
What is the remainder when 799315146 is divided by 83?
80
Calculate the remainder when 814029 is divided by 271100.
729
What is the remainder when 32113 is divided by 834?
421
What is the remainder when 27778 is divided by 2153?
1942
Calculate the remainder when 62696 is divided by 2788.
1360
Calculate the remainder when 212102 is divided by 1966.
1740
Calculate the remainder when 58086183 is divided by 393.
390
What is the remainder when 86174 is divided by 55?
44
What is the remainder when 400769 is divided by 49235?
6889
What is the remainder when 221961 is divided by 21727?
4691
Calculate the remainder when 169363 is divided by 56379.
226
What is the remainder when 3260867 is divided by 21453?
11
What is the remainder when 3005139 is divided by 1001672?
123
What is the remainder when 4395389 is divided by 384?
125
Calculate the remainder when 159442005 is divided by 31888399.
10
What is the remainder when 2632215 is divided by 51?
3
Calculate the remainder when 2633920 is divided by 1316763.
394
Calculate the remainder when 3016809 is divided by 3016751.
58
What is the remainder when 26471 is divided by 661?
31
Calculate the remainder when 3784014 is divided by 2171.
2132
What is the remainder when 448398 is divided by 112085?
58
What is the remainder when 335514 is divided by 111696?
426
What is the remainder when 884898 is divided by 110473?
1114
What is the remainder when 34093116 is divided by 914?
2
What is the remainder when 72752205 is divided by 1694?
1681
Calculate the remainder when 59457040 is divided by 53.
50
Calculate the remainder when 606084 is divided by 302972.
140
Calculate the remainder when 20894023 is divided by 4570.
4553
What is the remainder when 84088 is divided by 20905?
468
What is the remainder when 9821739 is divided by 24?
3
Calculate the remainder when 5176008 is divided by 571.
464
What is the remainder when 3685825 is divided by 337?
56
Calculate the remainder when 10241409 is divided by 10241393.
16
What is the remainder when 2364849 is divided by 6?
3
What is the remainder when 71486 is divided by 22639?
3569
What is the remainder when 8408111 is divided by 765?
761
Calculate the remainder when 2056774 is divided by 1727.
1644
Calculate the remainder when 17649747 is divided by 735404.
51
Calculate the remainder when 1064629 is divided by 118286.
55
What is the remainder when 4636087 is divided by 895?
882
Calculate the remainder when 100591 is divided by 20076.
211
Calculate the remainder when 3945 is divided by 279